{"id":153,"date":"2017-10-17T11:30:17","date_gmt":"2017-10-17T09:30:17","guid":{"rendered":"http:\/\/fifty-one-mons-levant.be\/?page_id=153"},"modified":"2019-12-16T21:59:39","modified_gmt":"2019-12-16T20:59:39","slug":"reunions-du-club","status":"publish","type":"page","link":"https:\/\/fifty-one-mons-levant.be\/?page_id=153","title":{"rendered":"R\u00e9unions du club"},"content":{"rendered":"<p>Le club se r\u00e9unit les premier, troisi\u00e8me et cinqui\u00e8me (quand il y en a) jeudi du mois, sauf changement de planification d\u00fb \u00e0 l&rsquo;un ou l&rsquo;autre \u00e9v\u00e9nement. Les r\u00e9unions r\u00e9guli\u00e8res, dites \u00ab\u00a0statutaires\u00a0\u00bb, sont en principe r\u00e9serv\u00e9es aux membres et \u00e0 leurs invit\u00e9s. N&rsquo;h\u00e9sitez cependant pas \u00e0 nous contacter si vous \u00eates int\u00e9ress\u00e9 \u00e0 vous joindre \u00e0 nous, juste pour vous rendre compte de l&rsquo;ambiance du club et de ses valeurs, ou simplement parce qu&rsquo;une conf\u00e9rence particuli\u00e8re vous int\u00e9resse.<\/p>\n<h1>R\u00e9unions futures:<\/h1>\n<div class=\"event_loop event_list  no-list\" id=\"event_list1\" style=\"height:auto;\" ><div class=\"event_item event_future status-EventScheduled location-type-OfflineEventAttendanceMode category-R\u00e9union entre membres category-R\u00e9union statutaire category-Sticky\" data-color=\"000000\" style=\"\"><a href=\"https:\/\/fifty-one-mons-levant.be\/?p=7441\"><h5>RS971: Visite du Gouverneur <\/h5><\/a><div class=\"event_data event_date \" itemscope itemtype=\"http:\/\/microformats.org\/profile\/hcard\">\n\t\t\t\t\t\t<div class=\"event_date\" data-start=\"jeudi 7 mai 2026\" data-end=\"jeudi 7 mai 2026\">\n\t\t\t\t\t\t\t<time itemprop=\"dtstart\" datetime=\"2026-05-07T19:30:00+02:00\"><span class=\"date date-single\">7 mai 2026<\/span> <span class=\"linking_word linking_word-from\">de<\/span> <span class=\"time time-start\">19 h 30 min<\/span> <span class=\"linking_word linking_word-to\">\u00e0<\/span> <span class=\"time time-end\">23 h 00 min<\/span>\n\t\t\t\t\t\t\t<\/time>\n\t\t\t\t\t\t<\/div><!-- .event_date --><span class=\"eventpost-status\">Planifi\u00e9<\/span>\n\t\t\t\t\t\t\t<span class=\"eventpost-date-export\">\n\t\t\t\t\t\t\t\t<a href=\"https:\/\/fifty-one-mons-levant.be\/wp-admin\/admin-ajax.php?action=EventPostExport&event_id=7441&format=ics\" class=\"event_link event-export ics\" target=\"_blank\" title=\"T\u00e9l\u00e9charger au format ICS\">ical<\/a>\n\t\t\t\t\t\t\t\t<a href=\"https:\/\/www.google.com\/calendar\/event?action=TEMPLATE&trp=false&sprop=name&text=RS971%3A+Visite+du+Gouverneur&dates=20260507T193000%2F20260507T230000&location=Le+Cerf+Blanc%2C+551%2C+Chauss%C3%A9e+du+R%C5%93ulx%2C+Havr%C3%A9%2C+Mons%2C+Hainaut%2C+Wallonie%2C+7021%2C+Belgique&details=R%C3%A9servation+aupr%C3%A8s+de+notre+chef+du+protocole%2C+Georges+Verhoeven+%3D%3D%3E%C2%A0%2B32+473+37+13+44+%2F+focmonslevant%40gmail.com%0A%0Ahttps%3A%2F%2Ffifty-one-mons-levant.be%2F%3Fp%3D7441&gmt=%2B02&ctz=Europe\/Paris\" class=\"event_link event-export gcal\" target=\"_blank\" title=\"Ajouter \u00e0 Google agenda\">Google<\/a>\n\t\t\t\t\t\t\t\t<a href=\"https:\/\/fifty-one-mons-levant.be\/wp-admin\/admin-ajax.php?action=EventPostExport&event_id=7441&format=vcs\" class=\"event_link event-export vcs\" target=\"_blank\" title=\"Ajouter \u00e0 Outlook\">outlook<\/a>\n\t\t\t\t\t\t\t\t<i class=\"dashicons-before dashicons-calendar\"><\/i>\n\t\t\t\t\t\t\t<\/span>\n\t\t\t\t\t<\/div><!-- .event_date --><div class=\"event_data event_category \" itemscope itemtype=\"http:\/\/microformats.org\/profile\/hcard\">\n\t\t\t\t\t\t<span class=\"event_categories\">\t\t\t\t\t<span  class=\"event-term event_term_category\">R\u00e9union entre membres <\/span>\t\t\t\t\t<span  class=\"event-term event_term_category\">R\u00e9union statutaire <\/span>\t\t\t\t\t<span  class=\"event-term event_term_category\">Sticky <\/span><\/span>\n\t\t\t\t\t<\/div><!-- .event_category --><div class=\"event_data event_location \" itemscope itemtype=\"http:\/\/microformats.org\/profile\/hcard\">\n\t\t\t\t\t\t<address  data-latitude=\"50.4601378\"\n\t\t\t\t\t\t\t\t\t\tdata-longitude=\"4.0030960\"\n\t\t\t\t\t\t\t\t\t\tdata-marker=\"\"\n\t\t\t\t\t\t\t\t\t\tdata-iconcode=\"f230\"\n\t\t\t\t\t\t\t\t\t\tdata-icon=\"\uf230\"\n\t\t\t\t\t\t\t\t\t\tdata-color=\"#000000\"\n\t\t\t\t\t\t\t\t\t\tdata-id=\"7441-1\" itemprop=\"adr\" class=\"eventpost-address\">\n\t\t\t\t\t\t\t<span>\nLe Cerf Blanc, 551, Chauss\u00e9e du R\u0153ulx, Havr\u00e9, Mons, Hainaut, Wallonie, 7021, Belgique\n\t\t\t\t\t\t\t<\/span>\n\t\t\t\t\t\t<\/address>\n\t\t\t\t\t<\/div><!-- .event_location --><\/div><!-- .event_item --><\/div><!-- .event_loop -->\n<h1>R\u00e9unions r\u00e9centes:<\/h1>\n<div class=\"event_loop event_list  no-list\" id=\"event_list2\" style=\"height:auto;\" ><div class=\"event_item event_past status-EventScheduled location-type-OfflineEventAttendanceMode category-Conf\u00e9rence category-R\u00e9union statutaire category-Sticky\" data-color=\"000000\" style=\"\"><a href=\"https:\/\/fifty-one-mons-levant.be\/?p=7439\"><h5>RS970: La compagnie montoise des Hallebardiers avec Philippe Orlandi <\/h5><\/a><div class=\"event_data event_date \" itemscope itemtype=\"http:\/\/microformats.org\/profile\/hcard\">\n\t\t\t\t\t\t<div class=\"event_date\" data-start=\"jeudi 16 avril 2026\" data-end=\"jeudi 16 avril 2026\">\n\t\t\t\t\t\t\t<time itemprop=\"dtstart\" datetime=\"2026-04-16T19:30:00+02:00\"><span class=\"date date-single\">16 avril 2026<\/span> <span class=\"linking_word linking_word-from\">de<\/span> <span class=\"time time-start\">19 h 30 min<\/span> <span class=\"linking_word linking_word-to\">\u00e0<\/span> <span class=\"time time-end\">23 h 00 min<\/span>\n\t\t\t\t\t\t\t<\/time>\n\t\t\t\t\t\t<\/div><!-- .event_date --><span class=\"eventpost-status\">Planifi\u00e9<\/span>\n\t\t\t\t\t<\/div><!-- .event_date --><div class=\"event_data event_category \" itemscope itemtype=\"http:\/\/microformats.org\/profile\/hcard\">\n\t\t\t\t\t\t<span class=\"event_categories\">\t\t\t\t\t<span  class=\"event-term event_term_category\">Conf\u00e9rence <\/span>\t\t\t\t\t<span  class=\"event-term event_term_category\">R\u00e9union statutaire <\/span>\t\t\t\t\t<span  class=\"event-term event_term_category\">Sticky <\/span><\/span>\n\t\t\t\t\t<\/div><!-- .event_category --><div class=\"event_data event_location \" itemscope itemtype=\"http:\/\/microformats.org\/profile\/hcard\">\n\t\t\t\t\t\t<address  data-latitude=\"50.4601378\"\n\t\t\t\t\t\t\t\t\t\tdata-longitude=\"4.0030960\"\n\t\t\t\t\t\t\t\t\t\tdata-marker=\"\"\n\t\t\t\t\t\t\t\t\t\tdata-iconcode=\"f230\"\n\t\t\t\t\t\t\t\t\t\tdata-icon=\"\uf230\"\n\t\t\t\t\t\t\t\t\t\tdata-color=\"#000000\"\n\t\t\t\t\t\t\t\t\t\tdata-id=\"7439-2\" itemprop=\"adr\" class=\"eventpost-address\">\n\t\t\t\t\t\t\t<span>\nLe Cerf Blanc, 551, Chauss\u00e9e du R\u0153ulx, Havr\u00e9, Mons, Hainaut, Wallonie, 7021, Belgique\n\t\t\t\t\t\t\t<\/span>\n\t\t\t\t\t\t<\/address>\n\t\t\t\t\t<\/div><!-- .event_location --><\/div><!-- .event_item --><div class=\"event_item event_past status-EventScheduled location-type-OfflineEventAttendanceMode category-Conf\u00e9rence category-R\u00e9union statutaire\" data-color=\"000000\" style=\"\"><a href=\"https:\/\/fifty-one-mons-levant.be\/?p=7437\"><h5>RS968: Quartier d'Histoire avec Pierre Tilly &amp; Sandro Di Pietro <\/h5><\/a><div class=\"event_data event_date \" itemscope itemtype=\"http:\/\/microformats.org\/profile\/hcard\">\n\t\t\t\t\t\t<div class=\"event_date\" data-start=\"jeudi 19 mars 2026\" data-end=\"jeudi 19 mars 2026\">\n\t\t\t\t\t\t\t<time itemprop=\"dtstart\" datetime=\"2026-03-19T19:30:00+01:00\"><span class=\"date date-single\">19 mars 2026<\/span> <span class=\"linking_word linking_word-from\">de<\/span> <span class=\"time time-start\">19 h 30 min<\/span> <span class=\"linking_word linking_word-to\">\u00e0<\/span> <span class=\"time time-end\">23 h 00 min<\/span>\n\t\t\t\t\t\t\t<\/time>\n\t\t\t\t\t\t<\/div><!-- .event_date --><span class=\"eventpost-status\">Planifi\u00e9<\/span>\n\t\t\t\t\t<\/div><!-- .event_date --><div class=\"event_data event_category \" itemscope itemtype=\"http:\/\/microformats.org\/profile\/hcard\">\n\t\t\t\t\t\t<span class=\"event_categories\">\t\t\t\t\t<span  class=\"event-term event_term_category\">Conf\u00e9rence <\/span>\t\t\t\t\t<span  class=\"event-term event_term_category\">R\u00e9union statutaire <\/span><\/span>\n\t\t\t\t\t<\/div><!-- .event_category --><div class=\"event_data event_location \" itemscope itemtype=\"http:\/\/microformats.org\/profile\/hcard\">\n\t\t\t\t\t\t<address  data-latitude=\"50.4601378\"\n\t\t\t\t\t\t\t\t\t\tdata-longitude=\"4.0030960\"\n\t\t\t\t\t\t\t\t\t\tdata-marker=\"\"\n\t\t\t\t\t\t\t\t\t\tdata-iconcode=\"f230\"\n\t\t\t\t\t\t\t\t\t\tdata-icon=\"\uf230\"\n\t\t\t\t\t\t\t\t\t\tdata-color=\"#000000\"\n\t\t\t\t\t\t\t\t\t\tdata-id=\"7437-3\" itemprop=\"adr\" class=\"eventpost-address\">\n\t\t\t\t\t\t\t<span>\nLe Cerf Blanc, 551, Chauss\u00e9e du R\u0153ulx, Havr\u00e9, Mons, Hainaut, Wallonie, 7021, Belgique\n\t\t\t\t\t\t\t<\/span>\n\t\t\t\t\t\t<\/address>\n\t\t\t\t\t<\/div><!-- .event_location --><\/div><!-- .event_item --><div class=\"event_item event_past status-EventScheduled location-type-OfflineEventAttendanceMode category-Conf\u00e9rence category-R\u00e9union statutaire\" data-color=\"000000\" style=\"\"><a href=\"https:\/\/fifty-one-mons-levant.be\/?p=7435\"><h5>RS967: Madelgaire \u00e0 Haumont, Vincent \u00e0 Soignies avec G\u00e9rard Bavay. <\/h5><\/a><div class=\"event_data event_date \" itemscope itemtype=\"http:\/\/microformats.org\/profile\/hcard\">\n\t\t\t\t\t\t<div class=\"event_date\" data-start=\"jeudi 5 mars 2026\" data-end=\"jeudi 5 mars 2026\">\n\t\t\t\t\t\t\t<time itemprop=\"dtstart\" datetime=\"2026-03-05T19:30:00+01:00\"><span class=\"date date-single\">5 mars 2026<\/span> <span class=\"linking_word\">\u00e0<\/span> <span class=\"time time-single\">19 h 30 min<\/span>\n\t\t\t\t\t\t\t<\/time>\n\t\t\t\t\t\t<\/div><!-- .event_date --><span class=\"eventpost-status\">Planifi\u00e9<\/span>\n\t\t\t\t\t<\/div><!-- .event_date --><div class=\"event_data event_category \" itemscope itemtype=\"http:\/\/microformats.org\/profile\/hcard\">\n\t\t\t\t\t\t<span class=\"event_categories\">\t\t\t\t\t<span  class=\"event-term event_term_category\">Conf\u00e9rence <\/span>\t\t\t\t\t<span  class=\"event-term event_term_category\">R\u00e9union statutaire <\/span><\/span>\n\t\t\t\t\t<\/div><!-- .event_category --><div class=\"event_data event_location \" itemscope itemtype=\"http:\/\/microformats.org\/profile\/hcard\">\n\t\t\t\t\t\t<address  data-latitude=\"50.4601378\"\n\t\t\t\t\t\t\t\t\t\tdata-longitude=\"4.0030960\"\n\t\t\t\t\t\t\t\t\t\tdata-marker=\"\"\n\t\t\t\t\t\t\t\t\t\tdata-iconcode=\"f230\"\n\t\t\t\t\t\t\t\t\t\tdata-icon=\"\uf230\"\n\t\t\t\t\t\t\t\t\t\tdata-color=\"#000000\"\n\t\t\t\t\t\t\t\t\t\tdata-id=\"7435-4\" itemprop=\"adr\" class=\"eventpost-address\">\n\t\t\t\t\t\t\t<span>\nLe Cerf Blanc, 551, Chauss\u00e9e du R\u0153ulx, Havr\u00e9, Mons, Hainaut, Wallonie, 7021, Belgique\n\t\t\t\t\t\t\t<\/span>\n\t\t\t\t\t\t<\/address>\n\t\t\t\t\t<\/div><!-- .event_location --><\/div><!-- .event_item --><\/div><!-- .event_loop -->\n","protected":false},"excerpt":{"rendered":"<p>Le club se r\u00e9unit les premier, troisi\u00e8me et cinqui\u00e8me (quand il y en a) jeudi du mois, sauf changement de planification d\u00fb \u00e0 l&rsquo;un ou l&rsquo;autre \u00e9v\u00e9nement. Les r\u00e9unions r\u00e9guli\u00e8res, dites \u00ab\u00a0statutaires\u00a0\u00bb, sont en principe r\u00e9serv\u00e9es aux membres et \u00e0 leurs invit\u00e9s. N&rsquo;h\u00e9sitez cependant pas \u00e0 nous contacter si vous \u00eates int\u00e9ress\u00e9 \u00e0 vous joindre &hellip; <\/p>\n<p class=\"link-more\"><a href=\"https:\/\/fifty-one-mons-levant.be\/?page_id=153\" class=\"more-link\">Continuer la lecture<span class=\"screen-reader-text\"> de &laquo;&nbsp;R\u00e9unions du club&nbsp;&raquo;<\/span><\/a><\/p>\n","protected":false},"author":1,"featured_media":51,"parent":0,"menu_order":0,"comment_status":"closed","ping_status":"closed","template":"","meta":{"_monsterinsights_skip_tracking":false,"_monsterinsights_sitenote_active":false,"_monsterinsights_sitenote_note":"","_monsterinsights_sitenote_category":0,"ngg_post_thumbnail":0,"footnotes":""},"class_list":["post-153","page","type-page","status-publish","has-post-thumbnail","hentry"],"_links":{"self":[{"href":"https:\/\/fifty-one-mons-levant.be\/index.php?rest_route=\/wp\/v2\/pages\/153","targetHints":{"allow":["GET"]}}],"collection":[{"href":"https:\/\/fifty-one-mons-levant.be\/index.php?rest_route=\/wp\/v2\/pages"}],"about":[{"href":"https:\/\/fifty-one-mons-levant.be\/index.php?rest_route=\/wp\/v2\/types\/page"}],"author":[{"embeddable":true,"href":"https:\/\/fifty-one-mons-levant.be\/index.php?rest_route=\/wp\/v2\/users\/1"}],"replies":[{"embeddable":true,"href":"https:\/\/fifty-one-mons-levant.be\/index.php?rest_route=%2Fwp%2Fv2%2Fcomments&post=153"}],"version-history":[{"count":10,"href":"https:\/\/fifty-one-mons-levant.be\/index.php?rest_route=\/wp\/v2\/pages\/153\/revisions"}],"predecessor-version":[{"id":5960,"href":"https:\/\/fifty-one-mons-levant.be\/index.php?rest_route=\/wp\/v2\/pages\/153\/revisions\/5960"}],"wp:featuredmedia":[{"embeddable":true,"href":"https:\/\/fifty-one-mons-levant.be\/index.php?rest_route=\/wp\/v2\/media\/51"}],"wp:attachment":[{"href":"https:\/\/fifty-one-mons-levant.be\/index.php?rest_route=%2Fwp%2Fv2%2Fmedia&parent=153"}],"curies":[{"name":"wp","href":"https:\/\/api.w.org\/{rel}","templated":true}]}}