{"id":17,"date":"2017-08-05T13:03:55","date_gmt":"2017-08-05T11:03:55","guid":{"rendered":"http:\/\/fifty-one-mons-levant.be\/?page_id=17"},"modified":"2024-02-22T13:37:27","modified_gmt":"2024-02-22T12:37:27","slug":"a-propos-de","status":"publish","type":"page","link":"https:\/\/fifty-one-mons-levant.be\/?page_id=17","title":{"rendered":"\u00c0 propos de&#8230;"},"content":{"rendered":"\n<div class=\"wp-block-media-text alignwide is-stacked-on-mobile\" style=\"grid-template-columns:23% auto\"><figure class=\"wp-block-media-text__media\"><a href=\"https:\/\/www.fifty-one-international.org\" target=\"_blank\" rel=\"noopener\"><img loading=\"lazy\" decoding=\"async\" width=\"1024\" height=\"772\" src=\"http:\/\/fifty-one-mons-levant.be\/wp-content\/uploads\/2019\/08\/51-logo-rvb-1024x772.png\" alt=\"\" class=\"wp-image-3853 size-full\" srcset=\"https:\/\/fifty-one-mons-levant.be\/wp-content\/uploads\/2019\/08\/51-logo-rvb-1024x772.png 1024w, https:\/\/fifty-one-mons-levant.be\/wp-content\/uploads\/2019\/08\/51-logo-rvb-300x226.png 300w, https:\/\/fifty-one-mons-levant.be\/wp-content\/uploads\/2019\/08\/51-logo-rvb-768x579.png 768w, https:\/\/fifty-one-mons-levant.be\/wp-content\/uploads\/2019\/08\/51-logo-rvb.png 1181w\" sizes=\"auto, (max-width: 706px) 89vw, (max-width: 767px) 82vw, 740px\" \/><\/a><\/figure><div class=\"wp-block-media-text__content\">\n<p class=\"has-normal-font-size\">Notre service club fait partie du mouvement<strong> <a href=\"https:\/\/fifty-one-international.org\" target=\"_blank\" rel=\"noreferrer noopener\">Fifty-One International<\/a> <\/strong>fond\u00e9 en 1976. Notre club a re\u00e7u sa charte le 25 octobre 1980 \u00e0 Ohain.<\/p>\n<\/div><\/div>\n\n\n<p>Notre service club fait partie du mouvement<strong> <a href=\"https:\/\/fifty-one-international.org\" target=\"_blank\" rel=\"noopener noreferrer\">Fifty-One International<\/a> <\/strong>fond\u00e9 en 1976. Notre club a re\u00e7u sa charte le 25 octobre 1980 \u00e0 Ohain.<\/p>\n<p>Dans cette charte, Les membres fondateurs ont pr\u00eat\u00e9 serment suivant:<\/p>\n<ul>\n<li>De concr\u00e9tiser le but impos\u00e9 par les<br \/>fondateurs du <a href=\"https:\/\/fifty-one-international.org\" target=\"_blank\" rel=\"noopener noreferrer\">Fifty-One Internatio<\/a><a href=\"http:\/\/www.fifty-one-international.org\/\" target=\"_blank\" rel=\"noopener noreferrer\">nal<\/a>:<img loading=\"lazy\" decoding=\"async\" class=\"size-medium wp-image-37 alignright\" src=\"http:\/\/fifty-one-mons-levant.be\/wp-content\/uploads\/2017\/08\/fanionml_stripped-204x300.png\" alt=\"Fanion Fifty-One Mons Levant\" width=\"204\" height=\"300\" srcset=\"https:\/\/fifty-one-mons-levant.be\/wp-content\/uploads\/2017\/08\/fanionml_stripped-204x300.png 204w, https:\/\/fifty-one-mons-levant.be\/wp-content\/uploads\/2017\/08\/fanionml_stripped.png 368w\" sizes=\"auto, (max-width: 204px) 100vw, 204px\" \/><\/li>\n<\/ul>\n<ol>\n<li>Promouvoir l&rsquo;<strong>A<\/strong><strong>miti\u00e9<\/strong>, l&rsquo;<strong>Estime <\/strong>et la <strong>Tol\u00e9rance<\/strong>.<\/li>\n<li>Organiser des r\u00e9unions pour favoriser et d\u00e9velopper la compr\u00e9hension.<\/li>\n<li>Servir la Communaut\u00e9 (parrainer et guider les loisirs)<\/li>\n<\/ol>\n<ul>\n<li>A respecter, \u00e0 la lettre et dans l&rsquo;esprit, les r\u00e8gles et statuts qui r\u00e9gissent le <a href=\"https:\/\/fifty-one-international.org\" target=\"_blank\" rel=\"noopener noreferrer\">Fifty-One International<\/a> et que les fondateurs ont approuv\u00e9s d&rsquo;un commun accord.<\/li>\n<li>A n&rsquo;admettre que des personnes r\u00e9pondant aux conditions requises pour \u00eatre accept\u00e9es au Fifty-One et ayant pr\u00eat\u00e9 serment de se plier \u00e0 sa discipline.<\/li>\n<li>A tout mettre en oeuvre pour que l&#8217;embl\u00e8me du <a href=\"https:\/\/fifty-one-international.org\" target=\"_blank\" rel=\"noopener noreferrer\">Fifty-One International<\/a> jouisse de la consid\u00e9ration universelle.<\/li>\n<\/ul>\n\n\n<hr class=\"wp-block-separator has-alpha-channel-opacity is-style-wide\"\/>\n\n\n\n<div class=\"wp-block-media-text is-stacked-on-mobile\" style=\"grid-template-columns:26% auto\"><figure class=\"wp-block-media-text__media\"><a href=\"http:\/\/www.d101expansion.be\/\" target=\"_blank\" rel=\"noreferrer noopener\"><img loading=\"lazy\" decoding=\"async\" width=\"749\" height=\"1024\" src=\"http:\/\/fifty-one-mons-levant.be\/wp-content\/uploads\/2024\/01\/d101a-749x1024.jpg\" alt=\"\" class=\"wp-image-6995 size-full\" srcset=\"https:\/\/fifty-one-mons-levant.be\/wp-content\/uploads\/2024\/01\/d101a-749x1024.jpg 749w, https:\/\/fifty-one-mons-levant.be\/wp-content\/uploads\/2024\/01\/d101a-219x300.jpg 219w, https:\/\/fifty-one-mons-levant.be\/wp-content\/uploads\/2024\/01\/d101a-768x1050.jpg 768w, https:\/\/fifty-one-mons-levant.be\/wp-content\/uploads\/2024\/01\/d101a-1124x1536.jpg 1124w, https:\/\/fifty-one-mons-levant.be\/wp-content\/uploads\/2024\/01\/d101a.jpg 1444w\" sizes=\"auto, (max-width: 706px) 89vw, (max-width: 767px) 82vw, 740px\" \/><\/a><\/figure><div class=\"wp-block-media-text__content\">\n<p>Notre club fait partie du District 101, vous pouvez avoir plus d&rsquo;information sur lui \u00e0 cette adresse ==&gt; <a href=\"http:\/\/www.d101expansion.be\" target=\"_blank\" rel=\"noreferrer noopener\">http:\/\/www.d101expansion.be<\/a><\/p>\n<\/div><\/div>\n\n\n\n<hr class=\"wp-block-separator has-alpha-channel-opacity is-style-wide\"\/>\n\n\n\n<div class=\"wp-block-buttons is-layout-flex wp-container-core-buttons-is-layout-132b0da8 wp-block-buttons-is-layout-flex\">\n<div class=\"wp-block-button has-custom-width wp-block-button__width-100\"><a class=\"wp-block-button__link has-black-color has-pale-cyan-blue-background-color has-text-color has-background has-link-color wp-element-button\" href=\"http:\/\/fifty-one-mons-levant.be\/?page_id=7004\">Nous contacter<\/a><\/div>\n<\/div>\n\n\n\n<hr class=\"wp-block-separator has-alpha-channel-opacity is-style-wide\"\/>\n\n\n\n<p><span id=\"docs-internal-guid-7c5420d4-7fff-3b2b-6687-c6f284ff1455\" style=\"white-space: normal; caret-color: rgb(0, 0, 0); color: rgb(0, 0, 0);\"><span style=\"font-size: 11pt; font-family: Arial, sans-serif; font-variant-ligatures: normal; font-variant-alternates: normal; font-variant-numeric: normal; font-variant-east-asian: normal; font-variant-position: normal; vertical-align: baseline; white-space: pre-wrap;\">Le Fifty-One Club de Mons Levant ASBL est conforme au R\u00e8glement G\u00e9n\u00e9ral sur la Protection des Donn\u00e9es. Vous trouverez notre r\u00e8glement RGPD &lt;<a href=\"http:\/\/fifty-one-mons-levant.be\/?page_id=7031\">ici<\/a>>.\u201d<\/span><\/span><\/p>\n","protected":false},"excerpt":{"rendered":"<p>Notre service club fait partie du mouvement Fifty-One International fond\u00e9 en 1976. Notre club a re\u00e7u sa charte le 25 octobre 1980 \u00e0 Ohain. Notre service club fait partie du mouvement Fifty-One International fond\u00e9 en 1976. Notre club a re\u00e7u sa charte le 25 octobre 1980 \u00e0 Ohain. Dans cette charte, Les membres fondateurs ont &hellip; <\/p>\n<p class=\"link-more\"><a href=\"https:\/\/fifty-one-mons-levant.be\/?page_id=17\" class=\"more-link\">Continuer la lecture<span class=\"screen-reader-text\"> de &laquo;&nbsp;\u00c0 propos de&#8230;&nbsp;&raquo;<\/span><\/a><\/p>\n","protected":false},"author":1,"featured_media":6331,"parent":0,"menu_order":0,"comment_status":"closed","ping_status":"closed","template":"","meta":{"_monsterinsights_skip_tracking":false,"_monsterinsights_sitenote_active":false,"_monsterinsights_sitenote_note":"","_monsterinsights_sitenote_category":0,"ngg_post_thumbnail":3493,"footnotes":""},"class_list":["post-17","page","type-page","status-publish","has-post-thumbnail","hentry"],"_links":{"self":[{"href":"https:\/\/fifty-one-mons-levant.be\/index.php?rest_route=\/wp\/v2\/pages\/17","targetHints":{"allow":["GET"]}}],"collection":[{"href":"https:\/\/fifty-one-mons-levant.be\/index.php?rest_route=\/wp\/v2\/pages"}],"about":[{"href":"https:\/\/fifty-one-mons-levant.be\/index.php?rest_route=\/wp\/v2\/types\/page"}],"author":[{"embeddable":true,"href":"https:\/\/fifty-one-mons-levant.be\/index.php?rest_route=\/wp\/v2\/users\/1"}],"replies":[{"embeddable":true,"href":"https:\/\/fifty-one-mons-levant.be\/index.php?rest_route=%2Fwp%2Fv2%2Fcomments&post=17"}],"version-history":[{"count":28,"href":"https:\/\/fifty-one-mons-levant.be\/index.php?rest_route=\/wp\/v2\/pages\/17\/revisions"}],"predecessor-version":[{"id":7035,"href":"https:\/\/fifty-one-mons-levant.be\/index.php?rest_route=\/wp\/v2\/pages\/17\/revisions\/7035"}],"wp:featuredmedia":[{"embeddable":true,"href":"https:\/\/fifty-one-mons-levant.be\/index.php?rest_route=\/wp\/v2\/media\/6331"}],"wp:attachment":[{"href":"https:\/\/fifty-one-mons-levant.be\/index.php?rest_route=%2Fwp%2Fv2%2Fmedia&parent=17"}],"curies":[{"name":"wp","href":"https:\/\/api.w.org\/{rel}","templated":true}]}}