{"id":423,"date":"2017-12-15T15:44:43","date_gmt":"2017-12-15T14:44:43","guid":{"rendered":"http:\/\/fifty-one-mons-levant.be\/?page_id=423"},"modified":"2017-12-15T18:22:00","modified_gmt":"2017-12-15T17:22:00","slug":"charte","status":"publish","type":"page","link":"https:\/\/fifty-one-mons-levant.be\/?page_id=423","title":{"rendered":"Charte"},"content":{"rendered":"<p>Promouvoir l&rsquo;Amiti\u00e9, l&rsquo;Estime et la Tol\u00e9rance.<br \/>\nOrganiser des r\u00e9unions pour favoriser et d\u00e9velopper la compr\u00e9hension.<br \/>\nServir la Communaut\u00e9 (Parrainer et guider les loisirs).<\/p>\n<p>Lors de son admission au sein d&rsquo;un Fifty-One Club le nouveau membre doit s&rsquo;engager sur l&rsquo;honneur:<\/p>\n<ul>\n<li>A concr\u00e9tiser le but impos\u00e9 par les fondateurs du Fifty-One International.<\/li>\n<li>A respecter, \u00e0 la lettre et dans l&rsquo;esprit, les r\u00e8gles et statuts qui r\u00e9gissent le Fifty-One International et que les fondateurs ont approuv\u00e9s d&rsquo;un commun accord.<\/li>\n<li>A n&rsquo;admettre que des personnes r\u00e9pondant aux conditions requises pour \u00eatre accept\u00e9es au Fifty-One et ayant pr\u00eat\u00e9 serment de se plier \u00e0 sa discipline.<\/li>\n<li>A tout mettre en oeuvre pour que l&#8217;embl\u00e8me du Fifty-One International jouisse de la consid\u00e9ration universelle.<\/li>\n<\/ul>\n<p><img loading=\"lazy\" decoding=\"async\" class=\"aligncenter wp-image-37 size-medium\" src=\"http:\/\/fifty-one-mons-levant.be\/wp-content\/uploads\/2017\/08\/fanionml_stripped-204x300.png\" alt=\"Fanion Fifty-One Mons Levant\" width=\"204\" height=\"300\" srcset=\"https:\/\/fifty-one-mons-levant.be\/wp-content\/uploads\/2017\/08\/fanionml_stripped-204x300.png 204w, https:\/\/fifty-one-mons-levant.be\/wp-content\/uploads\/2017\/08\/fanionml_stripped.png 368w\" sizes=\"auto, (max-width: 204px) 100vw, 204px\" \/><\/p>\n","protected":false},"excerpt":{"rendered":"<p>Promouvoir l&rsquo;Amiti\u00e9, l&rsquo;Estime et la Tol\u00e9rance. Organiser des r\u00e9unions pour favoriser et d\u00e9velopper la compr\u00e9hension. Servir la Communaut\u00e9 (Parrainer et guider les loisirs). Lors de son admission au sein d&rsquo;un Fifty-One Club le nouveau membre doit s&rsquo;engager sur l&rsquo;honneur: A concr\u00e9tiser le but impos\u00e9 par les fondateurs du Fifty-One International. A respecter, \u00e0 la lettre &hellip; <\/p>\n<p class=\"link-more\"><a href=\"https:\/\/fifty-one-mons-levant.be\/?page_id=423\" class=\"more-link\">Continuer la lecture<span class=\"screen-reader-text\"> de &laquo;&nbsp;Charte&nbsp;&raquo;<\/span><\/a><\/p>\n","protected":false},"author":3,"featured_media":0,"parent":315,"menu_order":0,"comment_status":"closed","ping_status":"closed","template":"","meta":{"_monsterinsights_skip_tracking":false,"_monsterinsights_sitenote_active":false,"_monsterinsights_sitenote_note":"","_monsterinsights_sitenote_category":0,"ngg_post_thumbnail":0,"footnotes":""},"class_list":["post-423","page","type-page","status-publish","hentry"],"_links":{"self":[{"href":"https:\/\/fifty-one-mons-levant.be\/index.php?rest_route=\/wp\/v2\/pages\/423","targetHints":{"allow":["GET"]}}],"collection":[{"href":"https:\/\/fifty-one-mons-levant.be\/index.php?rest_route=\/wp\/v2\/pages"}],"about":[{"href":"https:\/\/fifty-one-mons-levant.be\/index.php?rest_route=\/wp\/v2\/types\/page"}],"author":[{"embeddable":true,"href":"https:\/\/fifty-one-mons-levant.be\/index.php?rest_route=\/wp\/v2\/users\/3"}],"replies":[{"embeddable":true,"href":"https:\/\/fifty-one-mons-levant.be\/index.php?rest_route=%2Fwp%2Fv2%2Fcomments&post=423"}],"version-history":[{"count":1,"href":"https:\/\/fifty-one-mons-levant.be\/index.php?rest_route=\/wp\/v2\/pages\/423\/revisions"}],"predecessor-version":[{"id":424,"href":"https:\/\/fifty-one-mons-levant.be\/index.php?rest_route=\/wp\/v2\/pages\/423\/revisions\/424"}],"up":[{"embeddable":true,"href":"https:\/\/fifty-one-mons-levant.be\/index.php?rest_route=\/wp\/v2\/pages\/315"}],"wp:attachment":[{"href":"https:\/\/fifty-one-mons-levant.be\/index.php?rest_route=%2Fwp%2Fv2%2Fmedia&parent=423"}],"curies":[{"name":"wp","href":"https:\/\/api.w.org\/{rel}","templated":true}]}}